*u. Determine o(f).
-3
Let i(f) = 0 + 6*f**2 - 91*f + 86*f + 1 - 7*f**2 - 3. Calculate i(-5).
-2
Let f(y) be the first derivative of -y**3/3 + 3*y**2/2 + 4*y - 1. Let u be f(3). Suppose -t + 1 = u. Let l(s) = s**2 + 4*s - 3. Calculate l(t).
-6
Let u(y) be the first derivative of y**2 - 7*y + 122. Determine u(-4).
-15
Suppose -3*f - 10 = -5*d, 0 = 3*f - 0*d - 3*d + 6. Suppose -4*x + f*i + 24 = i, 0 = -3*x + 2*i + 18. Let w(s) = s**3 - 7*s**2 + 6*s - 6. Give w(x).
-6
Let y(w) = -w**3 - 11*w**2 - 10*w + 4. Let v be y(-10). Let d(m) = 2*m + v + 10*m - 10*m. Give d(-4).
-4
Let q(t) = -t**2 - 2*t. Let v(f) = -f - 1. Let s(i) = -q(i) + 5*v(i). Let z(x) = 2*x**2 + 12*x + 21. Let o be z(-4). Give s(o).
5
Let h = -1 - -3. Let o(y) = -2 - h + 0 + 0 + y. Calculate o(0).
-4
Let m = -26 - -3. Let p = 24 + m. Let o(q) = p + 33*q - 19*q - q**2 - 20*q. Determine o(-5).
6
Let t(q) = 2 - q**3 + 0 + 4*q - 1 - 9*q**2 + 0*q**2. What is t(-9)?
-35
Let s be -1 - (-2 - (4 + 0)). Let p(b) = 1 - 4 - b - s. Let q be p(-6). Let n(c) = -3*c**2 + 2*c + 3. Determine n(q).
-13
Let x(o) = o - 14. Let h be (2 - (6 + -2))*(-6 + 2). Calculate x(h).
-6
Let y(n) be the second derivative of -n**5/20 - 2*n**4/3 + n**3/6 + 4*n**2 + 263*n. Give y(-8).
0
Let x(d) be the second derivative of d**5/10 + 5*d**4/4 - 2*d**3/3 - 2*d**2 - d + 4. Give x(-8).
-36
Suppose -c - 2 = 2, -3*c = 4*z - 8. Suppose -z*n - 28 = 22. Let o = n + 10. Let t(g) = -g + 1. Calculate t(o).
1
Let f(r) = -2*r**3 + 37*r**2 - 17*r - 9. Let m be f(18). Let l(w) = w**2 - 10*w. Give l(m).
-9
Let u(f) = -8*f**2 - 3*f - 13. Let b(g) = -7*g**2 - 4*g - 12. Let k(w) = -7*b(w) + 6*u(w). Calculate k(-7).
-15
Suppose -3*u + 8*u + 3 = 2*m, 0 = -3*u + 4*m - 13. Let g(d) = -6*d + 7*d**3 + 2*d**3 + u + 5*d - d**3. Give g(1).
8
Suppose -347 = 6*w - 335. Let g(z) = 6*z**2 + 4*z. Give g(w).
16
Let w(u) = u**3 + 3*u**2 + u + 1. Let f = 42 + -31. Suppose 3*o - m = -0*o - f, 0 = 4*o - m + 13. What is w(o)?
3
Let w(j) = 5*j - 1 - 9*j + j**2 + 4 + 3. Let d = 7 + -13. Let r be ((-9)/(-3))/(d/(-8)). Determine w(r).
6
Let j(q) = -2*q**2 - 1. Let p(t) = 3*t - 2. Let z be ((-4)/3*6)/2. Let a be p(z). Let i = a - -13. Calculate j(i).
-3
Let q be (-8)/36 - (-16)/72. Suppose -4*k = -8, -4*z + 41 = -z - 5*k. Let f(y) = -y**3 - y - z*y**2 + 4 + 0 + 18*y**2. Give f(q).
4
Let l = 54 - 57. Let n be (1 + 2)/(l - -4) - -3. Let h(u) = -u**3 + 5*u**2 + 7*u - 1. Calculate h(n).
5
Let g(s) be the third derivative of s**3 + 0*s + 1/60*s**5 - 9*s**2 + 0 - 1/3*s**4. Calculate g(7).
-1
Let i(d) = 4*d + 2. Let a(k) = 5*k. Let y(o) = -3*a(o) + 4*i(o). Calculate y(-6).
2
Let c = 52 + -50. Suppose -3*g + 4 = -2*g - n, -c*g + 14 = 4*n. Let d(i) = i**3 - 5*i**2 - i + 1. Determine d(g).
-4
Let d(n) = 2 - n + 0 + 2*n. Suppose -3*a - 3*h - h - 7 = 0, 0 = 3*a - h + 17. Determine d(a).
-3
Let g be ((-3)/(-2))/((-2)/(-4)). Let y(s) be the first derivative of -s**4/4 + s**3 - s**2 + s - 147. What is y(g)?
-5
Let j(k) be the third derivative of -k**4/24 + 3*k**3/2 - 68*k**2. Give j(12).
-3
Let s(v) = v**3 + 4*v - 5. Let c(y) = y**2 - 1. Let k(o) = -2*c(o) + s(o). Determine k(2).
5
Suppose -2*f = 3*b - 5, b + 14 - 11 = 0. Let h(q) = -q + 2. Calculate h(f).
-5
Let c(k) be the first derivative of -k**2 + 14*k - 74. Give c(7).
0
Let i(t) be the first derivative of -t**4/4 - 3*t + 8. Suppose -4 = -4*f + 2*j, 0 = -2*f - j - 4*j - 10. Calculate i(f).
-3
Suppose -3*a - 14 = 4*i + 53, -5*i = -5*a + 75. Let t = i - -22. Let b(y) = -22 + 5*y + 0*y**2 - y**2 + 25. Give b(t).
-3
Let j(k) = 6*k**3 + k**2. Let x = 62 - 31. Let q = x + -30. What is j(q)?
7
Let y(i) = i**3 - 22*i**2 + i - 19. Let l be y(22). Let g(h) = 6*h - 2*h + 5*h - l - 10*h. Calculate g(8).
-11
Let s(l) be the third derivative of -l**7/840 + l**6/180 + l**5/60 + l**3/2 - 11*l**2. Let c(k) be the first derivative of s(k). Determine c(3).
-3
Let f(c) be the second derivative of c**5/20 + c**4/12 + c**3/6 - 2*c**2 + c + 266. Determine f(0).
-4
Let d = 92 + -92. Let v(q) = -3 + 1 + 1 + 2*q + d. Give v(2).
3
Let u(t) be the first derivative of -2*t**2 + 3*t - 6. Let k(m) = -2*m**2 - 18*m - 13. Let b be k(-8). Give u(b).
-9
Let b(s) be the first derivative of 2*s**3/3 - 110. Suppose -5*k - 4*i + 11 = 0, 4*i - 14 = -4*k + 2*k. Give b(k).
2
Let v(k) = -13*k - 7. Let l(w) be the third derivative of -w**4/4 - w**3/2 - 3*w**2. Let n(x) = -5*l(x) + 2*v(x). What is n(-1)?
-3
Let h(c) = 6*c + 13. Let q(t) = -13*t - 27. Let s(w) = 9*h(w) + 4*q(w). What is s(-4)?
1
Let b(t) be the first derivative of t**3/6 + 6*t**2 + 26*t - 13. Let f(v) be the first derivative of b(v). Calculate f(-6).
6
Let h(b) be the second derivative of 1/6*b**3 + 22*b + 0 + 7/2*b**2. Determine h(-7).
0
Let o(z) = -1 - 4*z**2 + 5 - 7*z + 5*z**2. Suppose -6 = -r - 7. Let f(a) = -1. Let y(d) = r*o(d) - 6*f(d). What is y(7)?
2
Let m(i) = -i - 8. Suppose -4*q = 5*s - 0*q - 24, 0 = s - 3*q - 1. Suppose -75 = -s*y - 11. Suppose 10 = -3*n - j, 0 = -4*j + y + 4. Give m(n).
-3
Suppose k - 2 = 2*v, 4*v = -0*v - 4. Let z be (k + 2)*15/(-10). Let o(b) = 0*b - 4*b - 1 + 2*b. What is o(z)?
5
Let r = -94 - -89. Suppose -5*j + 16 = -19. Let w(k) = -j + 2*k**2 + k**2 - 2*k**2 + k. What is w(r)?
13
Let n(b) = b**2 + 6*b - 2. Suppose 0 = -2*r + 8. Suppose 4*w = -5*m - 7, -r*m = -w + 5*w + 4. What is n(m)?
-11
Let x(q) = -q**3 + 6*q**2 - 5*q - 11. Let u be x(5). Let y(p) = p - 6. Determine y(u).
-17
Let s be 2/(-4)*(-3 - -3). Let u(c) be the third derivative of -c**6/120 - c**5/60 + c**3/6 + 21*c**2. What is u(s)?
1
Let j(q) = -3*q + 1. Let c = 27 + -16. Suppose 0 = 18*i - c*i + 21. What is j(i)?
10
Let q(x) be the first derivative of -x**2/2 + x - 13. Suppose -3*t - 2 = -5*t. What is q(t)?
0
Suppose -4*q + 2*k = -22 - 4, 4*q - 4*k - 24 = 0. Let g(f) = f**2 - 8*f - 6. Calculate g(q).
-13
Let x(p) = 4*p**2 - p + 2. Let c be (1 - -10) + -7 - 6. Give x(c).
20
Let f(w) be the first derivative of w**4/4 - 2*w**3/3 - 2*w**2 + 2*w + 75. Calculate f(3).
-1
Let o(a) = -a**3 - a**2 + a + 15. Let i(m) = 2*m**3 - 19*m**2 - 9*m - 10. Let h be i(10). Determine o(h).
15
Let l(v) = 2*v**2 - 2*v - 3. Let m(x) = -6*x**2 + 5*x + 8. Let d(r) = -8*l(r) - 3*m(r). Suppose 3*g + 2 = -1. Determine d(g).
1
Let c(s) = -s**2 + 3 - 38*s**3 + 9*s**3 + 9*s**3 + 12*s**3 + 7*s**3. Determine c(-3).
21
Let s(n) = 3*n + 32. Suppose -6 = -40*c + 42*c - 5*f, -f - 17 = c. Give s(c).
-7
Let m(o) = -3*o**2 - o. Suppose -2*b = -3*x - 3, 2*b + x = -4 + 11. Let t = -1 + b. Let h be (3 - t)*-3 - -1. Calculate m(h).
-10
Let k(f) = 4*f**3 - 4*f + 3. Suppose 5*g - 159*b = -162*b - 4, 4*g - 10 = 2*b. Determine k(g).
3
Suppose 3*d + 19 + 11 = 0. Let w(f) be the third derivative of -f**6/120 - 3*f**5/20 + 5*f**4/12 + f**3 - f**2 + 1302. What is w(d)?
6
Let o = -2 - -4. Suppose -m = o*w + 12, -4*w - 36 = 7*m - 3*m. Let z(d) = -10 - 239*d + 2 + d**2 + 79*d + 81*d + 83*d. Calculate z(m).
4
Let f = -122 + 115. Let p(o) = -o**3 - 8*o**2 - 8*o - 6. Give p(f).
1
Suppose -5*h - p - 9 + 3 = 0, 5*h - 3*p + 2 = 0. Let g(o) = 1 + 0*o**3 + o + 2*o**3 + 4*o**3. Give g(h).
-6
Let z be ((-5)/(-2))/((-1)/(-2)). Suppose 0 = 4*n - z*n - 4. Let g(d) = -2*d + 5*d + 1 - 3*d - d + 2*d. Calculate g(n).
-3
Let t(g) = -14*g**3 + 10*g**2 - g + 4. Let b(a) = 2*a**3 - 3*a**2 + a - 1. Let z(l) = -3*b(l) - t(l). Determine z(-1).
-8
Let o(z) = 6*z**3 + 2*z**2 - 1 + 10*z**3 - 15*z**3 - 3*z**2. Let h(g) = -g**3 + 12*g**2 - 12*g + 11. Let a be h(11). What is o(a)?
-1
Let q(w) = -5*w**2 - 2*w - 1. Let o(b) = 9*b**2 + 4*b + 2. Suppose 5*y - 24 = y. Let g(f) = y*o(f) + 11*q(f). Determine g(2).
1
Let t(w) = -w**3 + 6*w**2 - 5*w - 5. Let g = 2 - -4. Suppose -4*n = -g*n. Suppose n = -z, -2*u + 3*z + 10 = 5*z. Calculate t(u).
-5
Let o(u) = -u**3 - 4*u**2 + 7*u + 5. Let a(q) = -12*q + 126. Let y be a(11). Give o(y).
35
Let r be 360/44 + (-4)/22. Let u(x) = 5*x. Let h(l) = -4*l + 2. Let g(n) = 4*h(n) + 3*u(n). What is g(r)?
0
Let y(l) = 69*l - 18 - 164*l + 81*l - l**2. Calculate y(-12).
6
Let d(x) = 4*x + 3. Let p(i) = -i**2 - 10*i - 18. Let n = 31 + -27. Let t be n/(-8) + (-30)/4. Let j be p(t). What is d(j)?
-5
Let j(t) be the second derivative of -t**4/12 + 4*t**3/3 - 2*t**2 + 464*t. Let w = 5 + 3. Determine j(w).
-4
Let c(n) = 7*n**2 + n. Let l(v) = -v**3 - 4*v**2 - v +